mon factor of 924 and 88?
44
What is the greatest common divisor of 1442 and 4046?
14
Calculate the highest common factor of 7 and 1967.
7
Calculate the greatest common divisor of 2172213 and 19.
19
Calculate the highest common factor of 234660 and 15.
15
Calculate the greatest common divisor of 2214 and 891.
27
What is the greatest common factor of 14276 and 57934?
166
What is the highest common factor of 23673956 and 142?
142
Calculate the greatest common factor of 15820 and 350.
70
Calculate the greatest common divisor of 633138 and 8162.
1166
Calculate the greatest common factor of 29120 and 28.
28
What is the greatest common factor of 1497444 and 24?
12
Calculate the highest common divisor of 879 and 3.
3
Calculate the greatest common factor of 377357 and 706.
353
Calculate the greatest common factor of 76896 and 243.
27
Calculate the highest common factor of 2865167 and 141.
47
Calculate the highest common factor of 366654 and 1590.
318
Calculate the greatest common divisor of 76895 and 735.
35
Calculate the highest common divisor of 189 and 2619.
27
What is the greatest common factor of 348 and 1944?
12
What is the highest common divisor of 11352 and 56001?
33
Calculate the greatest common factor of 1981 and 5377.
283
Calculate the greatest common divisor of 50 and 890875.
25
Calculate the highest common divisor of 85649 and 472114.
2089
Calculate the greatest common factor of 4248402 and 6.
6
What is the highest common factor of 1739193 and 93?
93
Calculate the highest common factor of 678154 and 422.
422
What is the greatest common factor of 133 and 139391?
7
What is the highest common factor of 3165 and 120?
15
What is the highest common divisor of 232102 and 13?
13
What is the greatest common factor of 841185 and 1080?
135
Calculate the greatest common divisor of 103706 and 2.
2
Calculate the greatest common divisor of 128 and 27672.
8
What is the highest common divisor of 12188 and 176?
44
Calculate the highest common factor of 1137097 and 1794.
299
Calculate the highest common divisor of 22457 and 170.
17
Calculate the highest common factor of 1592 and 32.
8
What is the greatest common divisor of 5137 and 4675?
11
What is the highest common factor of 262317 and 33?
33
Calculate the greatest common factor of 520 and 10790.
130
What is the greatest common factor of 1737328 and 460?
92
What is the greatest common factor of 948 and 2014500?
948
Calculate the greatest common factor of 5000 and 16.
8
Calculate the highest common divisor of 12 and 34914.
6
What is the highest common factor of 13 and 120016?
13
Calculate the greatest common factor of 72735 and 195.
195
Calculate the highest common divisor of 3150 and 5526.
18
Calculate the greatest common factor of 268 and 7650596.
268
What is the highest common divisor of 14488 and 24?
8
Calculate the greatest common divisor of 190170 and 90.
90
Calculate the greatest common factor of 1239 and 9617.
59
Calculate the greatest common divisor of 363 and 2543541.
363
Calculate the greatest common factor of 192 and 124224.
192
Calculate the greatest common factor of 239700 and 2256.
564
Calculate the highest common factor of 2100 and 587440.
140
Calculate the greatest common factor of 415568 and 2432.
304
Calculate the highest common divisor of 689 and 1607808.
53
Calculate the greatest common divisor of 386052 and 1272.
636
Calculate the greatest common factor of 1377858 and 3144.
786
Calculate the greatest common divisor of 663811 and 3470.
347
Calculate the highest common divisor of 2532 and 8748.
12
Calculate the highest common factor of 78 and 7397.
13
Calculate the greatest common divisor of 13422 and 20.
2
Calculate the highest common divisor of 52432 and 36.
4
Calculate the highest common factor of 42 and 52794.
42
Calculate the greatest common divisor of 792 and 1408.
88
Calculate the greatest common divisor of 57145 and 4895.
55
Calculate the highest common divisor of 900 and 5682.
6
What is the highest common divisor of 206253 and 27?
27
Calculate the highest common factor of 13320 and 1988232.
888
What is the highest common divisor of 13623 and 1197?
57
Calculate the highest common divisor of 2620571 and 67.
67
Calculate the greatest common divisor of 660387 and 1534.
767
What is the highest common divisor of 28193 and 484?
121
What is the greatest common divisor of 43197 and 85?
17
Calculate the highest common divisor of 266485 and 5258.
239
What is the greatest common factor of 316 and 49138?
158
Calculate the highest common factor of 4350606 and 204.
102
What is the highest common factor of 1924 and 38961?
481
Calculate the highest common factor of 3312 and 4608.
144
Calculate the highest common divisor of 2817 and 18.
9
Calculate the greatest common factor of 287581 and 63.
7
What is the greatest common factor of 20350 and 6512?
814
Calculate the highest common factor of 202153 and 77.
7
What is the highest common factor of 30876 and 155868?
372
What is the greatest common divisor of 39 and 3957?
3
What is the greatest common divisor of 3675 and 9996?
147
Calculate the highest common divisor of 3344 and 24184.
8
What is the greatest common divisor of 4065 and 2806205?
1355
Calculate the highest common divisor of 95 and 182989.
19
Calculate the greatest common factor of 3610368 and 36.
36
Calculate the highest common divisor of 1070144 and 64.
64
What is the highest common factor of 52966 and 852?
142
Calculate the highest common divisor of 658460 and 1435.
205
What is the greatest common factor of 565 and 80?
5
Calculate the highest common factor of 12 and 515748.
12
What is the greatest common divisor of 168168 and 440?
88
Calculate the greatest common divisor of 2279 and 7654.
43
Calculate the highest common divisor of 4569 and 11.
1
Calculate the greatest common divisor of 45610 and 50.
10
What is the highest common factor of 4420 and 12886?
34
Calculate the highest common divisor of 250836 and 36.
12
What is the greatest common divisor of 4958 and 2701?
37
Calculate the highest common factor of 344 and 101953.
43
What is the greatest common factor of 1570 and 265?
5
What is the greatest common factor of 1185 and 8280?
15
Calculate the greatest common factor of 152122 and 138.
46
Calculate the highest common factor of 73472 and 8528.
656
Calculate the greatest common factor of 590 and 187266.
118
Calculate the highest common divisor of 2014 and 212.
106
Calculate the highest common divisor of 351 and 2727.
27
Calculate the greatest common factor of 90 and 1551765.
15
What is the highest common factor of 308 and 3652?
44
Calculate the greatest common divisor of 1414 and 462.
14
What is the greatest common factor of 178298 and 472?
118
Calculate the greatest common factor of 256 and 7884.
4
What is the greatest common divisor of 4435 and 25?
5
What is the greatest common factor of 345 and 26295?
15
Calculate the greatest common divisor of 312 and 1146.
6
What is the greatest common factor of 133 and 5656889?
133
What is the highest common divisor of 54 and 594?
54
What is the greatest common factor of 14025 and 975?
75
Calculate the greatest common factor of 676 and 3328.
52
Calculate the highest common divisor of 43255 and 8610.
205
Calculate the highest common factor of 332939 and 669.
223
Calculate the greatest common factor of 75 and 10383.
3
Calculate the highest common factor of 1868 and 596359.
467
Calculate the greatest common divisor of 9652 and 75692.
508
Calculate the highest common divisor of 39 and 1307839.
13
What is the greatest common factor of 886 and 136001?
443
Calculate the greatest common factor of 49 and 425173.
49
What is the greatest common factor of 64568 and 56?
56
Calculate the greatest common divisor of 1192 and 1409540.
596
What is the highest common divisor of 443313 and 36?
9
What is the highest common factor of 4123 and 5915?
7
What is the greatest common divisor of 1113 and 3021?
159
What is the highest common divisor of 675 and 4374?
27
What is the greatest common factor of 9676 and 1312?
164
What is the highest common factor of 1375 and 89980?
55
What is the highest common factor of 1853 and 185518?
109
What is the highest common factor of 99 and 7172?
11
What is the highest common factor of 156 and 282594?
78
Calculate the greatest com